CRAN Package Check Results for Package rrscale

Last updated on 2022-01-25 22:57:08 CET.

Flavor Version Tinstall Tcheck Ttotal Status Flags
r-devel-linux-x86_64-debian-clang 1.0 2.40 51.76 54.16 NOTE
r-devel-linux-x86_64-debian-gcc 1.0 2.24 39.03 41.27 NOTE
r-devel-linux-x86_64-fedora-clang 1.0 65.92 NOTE
r-devel-linux-x86_64-fedora-gcc 1.0 54.35 NOTE
r-devel-windows-x86_64-new-UL 1.0 30.00 79.00 109.00 NOTE
r-devel-windows-x86_64-new-TK 1.0 ERROR
r-patched-linux-x86_64 1.0 2.61 50.14 52.75 NOTE
r-release-linux-x86_64 1.0 1.94 50.19 52.13 NOTE
r-release-macos-arm64 1.0 NOTE
r-release-macos-x86_64 1.0 NOTE
r-release-windows-ix86+x86_64 1.0 6.00 65.00 71.00 NOTE
r-oldrel-macos-x86_64 1.0 NOTE
r-oldrel-windows-ix86+x86_64 1.0 6.00 63.00 69.00 OK

Check Details

Version: 1.0
Check: LazyData
Result: NOTE
     'LazyData' is specified without a 'data' directory
Flavors: r-devel-linux-x86_64-debian-clang, r-devel-linux-x86_64-debian-gcc, r-devel-linux-x86_64-fedora-clang, r-devel-linux-x86_64-fedora-gcc, r-devel-windows-x86_64-new-UL, r-patched-linux-x86_64, r-release-linux-x86_64, r-release-macos-arm64, r-release-macos-x86_64, r-release-windows-ix86+x86_64

Version: 1.0
Check: dependencies in R code
Result: NOTE
    Namespace in Imports field not imported from: ‘abind’
     All declared Imports should be used.
Flavors: r-devel-linux-x86_64-fedora-clang, r-devel-linux-x86_64-fedora-gcc, r-release-macos-arm64, r-release-macos-x86_64, r-oldrel-macos-x86_64

Version: 1.0
Check: package dependencies
Result: ERROR
    Package required but not available: 'nloptr'
    
    See section 'The DESCRIPTION file' in the 'Writing R Extensions'
    manual.
Flavor: r-devel-windows-x86_64-new-TK