CRAN Package Check Results for Package rrtable

Last updated on 2022-01-28 23:00:50 CET.

Flavor Version Tinstall Tcheck Ttotal Status Flags
r-devel-linux-x86_64-debian-clang 0.2.1 15.13 133.32 148.45 OK
r-devel-linux-x86_64-debian-gcc 0.2.1 9.76 100.18 109.94 OK
r-devel-linux-x86_64-fedora-clang 0.2.1 163.62 OK
r-devel-linux-x86_64-fedora-gcc 0.2.1 156.43 OK
r-devel-windows-x86_64-new-UL 0.2.1 124.00 180.00 304.00 OK
r-devel-windows-x86_64-new-TK 0.2.1 ERROR
r-patched-linux-x86_64 0.2.1 13.79 121.96 135.75 OK
r-release-linux-x86_64 0.2.1 11.56 118.55 130.11 OK
r-release-macos-arm64 0.2.1 OK
r-release-macos-x86_64 0.2.1 OK
r-release-windows-ix86+x86_64 0.2.1 29.00 153.00 182.00 OK
r-oldrel-macos-x86_64 0.2.1 OK
r-oldrel-windows-ix86+x86_64 0.2.1 33.00 152.00 185.00 OK

Check Details

Version: 0.2.1
Check: package dependencies
Result: ERROR
    Package required but not available: 'ggpubr'
    
    See section 'The DESCRIPTION file' in the 'Writing R Extensions'
    manual.
Flavor: r-devel-windows-x86_64-new-TK