CRAN Package Check Results for Package rscopus

Last updated on 2022-01-26 22:55:03 CET.

Flavor Version Tinstall Tcheck Ttotal Status Flags
r-devel-linux-x86_64-debian-clang 0.6.6 7.76 87.80 95.56 NOTE
r-devel-linux-x86_64-debian-gcc 0.6.6 5.15 66.18 71.33 NOTE
r-devel-linux-x86_64-fedora-clang 0.6.6 110.35 NOTE
r-devel-linux-x86_64-fedora-gcc 0.6.6 99.56 NOTE
r-devel-windows-x86_64-new-UL 0.6.6 65.00 129.00 194.00 NOTE
r-devel-windows-x86_64-new-TK 0.6.6 NOTE
r-patched-linux-x86_64 0.6.6 11.69 72.21 83.90 NOTE
r-release-linux-x86_64 0.6.6 6.65 70.37 77.02 NOTE
r-release-macos-arm64 0.6.6 NOTE
r-release-macos-x86_64 0.6.6 NOTE
r-release-windows-ix86+x86_64 0.6.6 16.00 96.00 112.00 NOTE
r-oldrel-macos-x86_64 0.6.6 OK
r-oldrel-windows-ix86+x86_64 0.6.6 16.00 93.00 109.00 OK

Check Details

Version: 0.6.6
Check: LazyData
Result: NOTE
     'LazyData' is specified without a 'data' directory
Flavors: r-devel-linux-x86_64-debian-clang, r-devel-linux-x86_64-debian-gcc, r-devel-linux-x86_64-fedora-clang, r-devel-linux-x86_64-fedora-gcc, r-devel-windows-x86_64-new-UL, r-devel-windows-x86_64-new-TK, r-patched-linux-x86_64, r-release-linux-x86_64, r-release-macos-arm64, r-release-macos-x86_64, r-release-windows-ix86+x86_64