CRAN Package Check Results for Package rshift

Last updated on 2022-07-05 22:50:32 CEST.

Flavor Version Tinstall Tcheck Ttotal Status Flags
r-devel-linux-x86_64-debian-clang 2.1.1 5.12 60.54 65.66 OK
r-devel-linux-x86_64-debian-gcc 2.1.1 4.22 46.85 51.07 OK
r-devel-linux-x86_64-fedora-clang 2.1.1 90.49 OK
r-devel-linux-x86_64-fedora-gcc 2.1.1 89.15 OK
r-devel-windows-x86_64 2.1.1 14.00 95.00 109.00 OK
r-patched-linux-x86_64 2.1.1 4.62 57.87 62.49 OK
r-release-linux-x86_64 2.1.1 5.10 58.80 63.90 OK
r-release-macos-arm64 2.1.1 29.00 OK
r-release-macos-x86_64 2.1.1 52.00 OK
r-release-windows-x86_64 2.1.1 13.00 99.00 112.00 OK
r-oldrel-macos-arm64 2.1.1 29.00 OK
r-oldrel-macos-x86_64 2.1.1 39.00 OK
r-oldrel-windows-ix86+x86_64 2.1.1 16.00 85.00 101.00 WARN

Check Details

Version: 2.1.1
Check: re-building of vignette outputs
Result: WARN
    Error(s) in re-building vignettes:
    --- re-building 'STARSmanual.ltx' using tex
    Warning in system(paste(shQuote(texi2dvi), if (quiet) "--quiet" else "", :
     running command '"D:\compiler\texmf\miktex\bin\texify.exe" --quiet --pdf "STARSmanual.ltx" --max-iterations=20 -I "D:/RCompile/recent/R-4.1.3/share/texmf/tex/latex" -I "D:/RCompile/recent/R-4.1.3/share/texmf/bibtex/bst"' had status 1
    Error: processing vignette 'STARSmanual.ltx' failed with diagnostics:
    running 'texi2dvi' on 'STARSmanual.ltx' failed
    
    BibTeX errors:
    I couldn't open database file bibliography.bib.bib
    ---line 12 of file STARSmanual.aux
     : \bibdata{bibliography.bib
     : }
    I'm skipping whatever remains of this command
    I found no database files---while reading file STARSmanual.aux
    
    --- failed re-building 'STARSmanual.ltx'
    
    SUMMARY: processing the following file failed:
     'STARSmanual.ltx'
    
    Error: Vignette re-building failed.
    Execution halted
Flavor: r-oldrel-windows-ix86+x86_64