CRAN Package Check Results for Package rsppfp

Last updated on 2022-01-27 23:01:16 CET.

Flavor Version Tinstall Tcheck Ttotal Status Flags
r-devel-linux-x86_64-debian-clang 1.0.4 5.22 73.51 78.73 NOTE
r-devel-linux-x86_64-debian-gcc 1.0.4 3.92 55.33 59.25 NOTE
r-devel-linux-x86_64-fedora-clang 1.0.4 92.05 NOTE
r-devel-linux-x86_64-fedora-gcc 1.0.4 81.97 NOTE
r-devel-windows-x86_64-new-UL 1.0.4 21.00 116.00 137.00 NOTE
r-devel-windows-x86_64-new-TK 1.0.4 NOTE
r-patched-linux-x86_64 1.0.4 4.90 72.05 76.95 NOTE
r-release-linux-x86_64 1.0.4 5.01 69.42 74.43 NOTE
r-release-macos-arm64 1.0.4 NOTE
r-release-macos-x86_64 1.0.4 NOTE
r-release-windows-ix86+x86_64 1.0.4 13.00 104.00 117.00 NOTE
r-oldrel-macos-x86_64 1.0.4 OK
r-oldrel-windows-ix86+x86_64 1.0.4 13.00 102.00 115.00 OK

Check Details

Version: 1.0.4
Check: LazyData
Result: NOTE
     'LazyData' is specified without a 'data' directory
Flavors: r-devel-linux-x86_64-debian-clang, r-devel-linux-x86_64-debian-gcc, r-devel-linux-x86_64-fedora-clang, r-devel-linux-x86_64-fedora-gcc, r-devel-windows-x86_64-new-UL, r-devel-windows-x86_64-new-TK, r-patched-linux-x86_64, r-release-linux-x86_64, r-release-macos-arm64, r-release-macos-x86_64, r-release-windows-ix86+x86_64