CRAN Package Check Results for Package rstatix

Last updated on 2021-12-02 22:56:06 CET.

Flavor Version Tinstall Tcheck Ttotal Status Flags
r-devel-linux-x86_64-debian-clang 0.7.0 11.37 131.99 143.36 NOTE
r-devel-linux-x86_64-debian-gcc 0.7.0 9.96 87.85 97.81 ERROR
r-devel-linux-x86_64-fedora-clang 0.7.0 168.77 ERROR
r-devel-linux-x86_64-fedora-gcc 0.7.0 158.82 ERROR
r-devel-windows-x86_64-new-UL 0.7.0 33.00 189.00 222.00 NOTE
r-devel-windows-x86_64-new-TK 0.7.0 NOTE
r-devel-windows-x86_64-old 0.7.0 22.00 139.00 161.00 NOTE
r-patched-linux-x86_64 0.7.0 11.41 122.56 133.97 NOTE
r-patched-solaris-x86 0.7.0 200.70 NOTE
r-release-linux-x86_64 0.7.0 11.88 123.84 135.72 NOTE
r-release-macos-arm64 0.7.0 NOTE
r-release-macos-x86_64 0.7.0 NOTE
r-release-windows-ix86+x86_64 0.7.0 25.00 166.00 191.00 NOTE
r-oldrel-macos-x86_64 0.7.0 OK
r-oldrel-windows-ix86+x86_64 0.7.0 25.00 170.00 195.00 OK

Check Details

Version: 0.7.0
Check: LazyData
Result: NOTE
     'LazyData' is specified without a 'data' directory
Flavors: r-devel-linux-x86_64-debian-clang, r-devel-linux-x86_64-debian-gcc, r-devel-linux-x86_64-fedora-clang, r-devel-linux-x86_64-fedora-gcc, r-devel-windows-x86_64-new-UL, r-devel-windows-x86_64-new-TK, r-devel-windows-x86_64-old, r-patched-linux-x86_64, r-patched-solaris-x86, r-release-linux-x86_64, r-release-macos-arm64, r-release-macos-x86_64, r-release-windows-ix86+x86_64

Version: 0.7.0
Check: examples
Result: ERROR
    Running examples in ‘rstatix-Ex.R’ failed
    The error most likely occurred in:
    
    > base::assign(".ptime", proc.time(), pos = "CheckExEnv")
    > ### Name: freq_table
    > ### Title: Compute Frequency Table
    > ### Aliases: freq_table
    >
    > ### ** Examples
    >
    > data("ToothGrowth")
    > ToothGrowth %>% freq_table(supp, dose)
    Error: Can't subset columns that don't exist.
    ✖ Column `group` doesn't exist.
    Backtrace:
     █
     1. ├─ToothGrowth %>% freq_table(supp, dose)
     2. ├─rstatix::freq_table(., supp, dose)
     3. │ └─data %>% df_select(..., vars = vars)
     4. ├─rstatix::df_select(., ..., vars = vars)
     5. │ └─data %>% select(!!!syms(vars))
     6. ├─dplyr::select(., !!!syms(vars))
     7. └─dplyr:::select.data.frame(., !!!syms(vars))
     8. └─tidyselect::eval_select(expr(c(...)), .data)
     9. └─tidyselect:::eval_select_impl(...)
     10. ├─tidyselect:::with_subscript_errors(...)
     11. │ ├─base::tryCatch(...)
     12. │ │ └─base:::tryCatchList(expr, classes, parentenv, handlers)
     13. │ │ └─base:::tryCatchOne(expr, names, parentenv, handlers[[1L]])
     14. │ │ └─base:::doTryCatch(return(expr), name, parentenv, handler)
     15. │ └─tidyselect:::instrument_base_errors(expr)
     16. │ └─base::withCallingHandlers(...)
     17. └─tidyselect:::vars_select_eval(...)
     18. └─tidyselect:::walk_data_tree(expr, data_mask, context_mask)
     19. └─tidyselect:::eval_c(expr, data_mask, context_mask)
     20. └─tidyselect:::reduce_sels(node, data_mask, context_mask, init = init)
     21. └─tidyselect:::walk_data_tree(new, data_mask, context_mask)
     22. └─tidyselect:::as_indices_sel_impl(...)
     23. └─tidyselect:::as_indices_impl(x, vars, strict = strict)
     24. └─tidyselect:::chr_as_locations(x, vars)
     25. └─vctrs::vec_as_location(x, n = length(vars), names = vars)
     26. └─(function () ...
     27. └─vctrs:::stop_subscript_oob(...)
     28. └─vctrs:::stop_subscript(...)
    Execution halted
Flavor: r-devel-linux-x86_64-debian-gcc

Version: 0.7.0
Check: examples
Result: ERROR
    Running examples in ‘rstatix-Ex.R’ failed
    The error most likely occurred in:
    
    > ### Name: freq_table
    > ### Title: Compute Frequency Table
    > ### Aliases: freq_table
    >
    > ### ** Examples
    >
    > data("ToothGrowth")
    > ToothGrowth %>% freq_table(supp, dose)
    Error: Can't subset columns that don't exist.
    ✖ Column `group` doesn't exist.
    Backtrace:
     █
     1. ├─ToothGrowth %>% freq_table(supp, dose)
     2. ├─rstatix::freq_table(., supp, dose)
     3. │ └─data %>% df_select(..., vars = vars)
     4. ├─rstatix::df_select(., ..., vars = vars)
     5. │ └─data %>% select(!!!syms(vars))
     6. ├─dplyr::select(., !!!syms(vars))
     7. └─dplyr:::select.data.frame(., !!!syms(vars))
     8. └─tidyselect::eval_select(expr(c(...)), .data)
     9. └─tidyselect:::eval_select_impl(...)
     10. ├─tidyselect:::with_subscript_errors(...)
     11. │ ├─base::tryCatch(...)
     12. │ │ └─base:::tryCatchList(expr, classes, parentenv, handlers)
     13. │ │ └─base:::tryCatchOne(expr, names, parentenv, handlers[[1L]])
     14. │ │ └─base:::doTryCatch(return(expr), name, parentenv, handler)
     15. │ └─tidyselect:::instrument_base_errors(expr)
     16. │ └─base::withCallingHandlers(...)
     17. └─tidyselect:::vars_select_eval(...)
     18. └─tidyselect:::walk_data_tree(expr, data_mask, context_mask)
     19. └─tidyselect:::eval_c(expr, data_mask, context_mask)
     20. └─tidyselect:::reduce_sels(node, data_mask, context_mask, init = init)
     21. └─tidyselect:::walk_data_tree(new, data_mask, context_mask)
     22. └─tidyselect:::as_indices_sel_impl(...)
     23. └─tidyselect:::as_indices_impl(x, vars, strict = strict)
     24. └─tidyselect:::chr_as_locations(x, vars)
     25. └─vctrs::vec_as_location(x, n = length(vars), names = vars)
     26. └─(function () ...
     27. └─vctrs:::stop_subscript_oob(...)
     28. └─vctrs:::stop_subscript(...)
    Execution halted
Flavors: r-devel-linux-x86_64-fedora-clang, r-devel-linux-x86_64-fedora-gcc