CRAN Package Check Results for Package rt

Last updated on 2024-03-03 22:59:02 CET.

Flavor Version Tinstall Tcheck Ttotal Status Flags
r-devel-linux-x86_64-debian-clang 1.1.0 2.86 39.01 41.87 NOTE
r-devel-linux-x86_64-debian-gcc 1.1.0 2.39 29.28 31.67 NOTE
r-devel-linux-x86_64-fedora-clang 1.1.0 51.57 NOTE
r-devel-linux-x86_64-fedora-gcc 1.1.0 62.22 NOTE
r-devel-windows-x86_64 1.1.0 4.00 57.00 61.00 OK
r-patched-linux-x86_64 1.1.0 3.84 37.19 41.03 OK
r-release-linux-x86_64 1.1.0 3.28 37.14 40.42 OK
r-release-macos-arm64 1.1.0 29.00 OK
r-release-macos-x86_64 1.1.0 39.00 OK
r-release-windows-x86_64 1.1.0 5.00 61.00 66.00 OK
r-oldrel-macos-arm64 1.1.0 21.00 OK
r-oldrel-windows-x86_64 1.1.0 5.00 57.00 62.00 OK

Check Details

Version: 1.1.0
Check: Rd files
Result: NOTE checkRd: (-1) rt_GET.Rd:13: Lost braces 13 | code{\link[httr]{GET}} (\code{TRUE}) or not (\code{FALSE})} | ^ checkRd: (-1) rt_POST.Rd:13: Lost braces 13 | code{\link[httr]{POST}} (\code{TRUE}) or not (\code{FALSE})} | ^ Flavors: r-devel-linux-x86_64-debian-clang, r-devel-linux-x86_64-debian-gcc, r-devel-linux-x86_64-fedora-clang, r-devel-linux-x86_64-fedora-gcc