CRAN Package Check Results for Package rtf

Last updated on 2022-01-27 23:01:17 CET.

Flavor Version Tinstall Tcheck Ttotal Status Flags
r-devel-linux-x86_64-debian-clang 0.4-14.1 3.44 55.57 59.01 NOTE
r-devel-linux-x86_64-debian-gcc 0.4-14.1 2.70 43.13 45.83 NOTE
r-devel-linux-x86_64-fedora-clang 0.4-14.1 72.89 NOTE
r-devel-linux-x86_64-fedora-gcc 0.4-14.1 61.30 NOTE
r-devel-windows-x86_64-new-UL 0.4-14.1 43.00 91.00 134.00 OK
r-devel-windows-x86_64-new-TK 0.4-14.1 OK
r-patched-linux-x86_64 0.4-14.1 3.79 52.91 56.70 NOTE
r-release-linux-x86_64 0.4-14.1 3.37 52.20 55.57 NOTE
r-release-macos-arm64 0.4-14.1 OK
r-release-macos-x86_64 0.4-14.1 OK
r-release-windows-ix86+x86_64 0.4-14.1 6.00 67.00 73.00 OK
r-oldrel-macos-x86_64 0.4-14.1 OK
r-oldrel-windows-ix86+x86_64 0.4-14.1 6.00 66.00 72.00 OK

Check Details

Version: 0.4-14.1
Check: for non-standard things in the check directory
Result: NOTE
    Found the following files/directories:
     'test_addPageBreak.doc' 'test_addPlot.doc' 'test_addSessionInfo.doc'
     'test_addTable.doc'
Flavors: r-devel-linux-x86_64-debian-clang, r-devel-linux-x86_64-debian-gcc, r-devel-linux-x86_64-fedora-clang, r-devel-linux-x86_64-fedora-gcc, r-patched-linux-x86_64, r-release-linux-x86_64