CRAN Package Check Results for Package rties

Last updated on 2022-01-15 23:00:39 CET.

Flavor Version Tinstall Tcheck Ttotal Status Flags
r-devel-linux-x86_64-debian-clang 5.0.0 7.30 214.73 222.03 OK
r-devel-linux-x86_64-debian-gcc 5.0.0 7.39 155.59 162.98 OK
r-devel-linux-x86_64-fedora-clang 5.0.0 263.47 NOTE
r-devel-linux-x86_64-fedora-gcc 5.0.0 255.27 NOTE
r-devel-windows-x86_64-new-UL 5.0.0 57.00 251.00 308.00 OK
r-devel-windows-x86_64-new-TK 5.0.0 ERROR
r-patched-linux-x86_64 5.0.0 6.81 207.16 213.97 OK
r-release-linux-x86_64 5.0.0 8.90 204.58 213.48 OK
r-release-macos-arm64 5.0.0 NOTE
r-release-macos-x86_64 5.0.0 NOTE
r-release-windows-ix86+x86_64 5.0.0 19.00 245.00 264.00 OK
r-oldrel-macos-x86_64 5.0.0 NOTE
r-oldrel-windows-ix86+x86_64 5.0.0 18.00 241.00 259.00 OK

Check Details

Version: 5.0.0
Check: dependencies in R code
Result: NOTE
    Namespaces in Imports field not imported from:
     ‘DescTools’ ‘MASS’ ‘gridExtra’
     All declared Imports should be used.
Flavors: r-devel-linux-x86_64-fedora-clang, r-devel-linux-x86_64-fedora-gcc, r-release-macos-arm64, r-release-macos-x86_64, r-oldrel-macos-x86_64

Version: 5.0.0
Check: package dependencies
Result: ERROR
    Package required but not available: 'lme4'
    
    Package suggested but not available for checking: 'sjPlot'
    
    See section 'The DESCRIPTION file' in the 'Writing R Extensions'
    manual.
Flavor: r-devel-windows-x86_64-new-TK