Last updated on 2022-05-22 22:51:50 CEST.
Flavor | Version | Tinstall | Tcheck | Ttotal | Status | Flags |
---|---|---|---|---|---|---|
r-devel-linux-x86_64-debian-clang | 0.2.6.1 | 57.72 | 46.09 | 103.81 | OK | |
r-devel-linux-x86_64-debian-gcc | 0.2.6.1 | 52.49 | 35.48 | 87.97 | OK | |
r-devel-linux-x86_64-fedora-clang | 0.2.6.1 | 155.19 | NOTE | |||
r-devel-linux-x86_64-fedora-gcc | 0.2.6.1 | 130.27 | OK | |||
r-devel-windows-x86_64 | 0.2.6.1 | 54.00 | 85.00 | 139.00 | OK | |
r-patched-linux-x86_64 | 0.2.6.1 | 57.35 | 43.94 | 101.29 | OK | |
r-release-linux-x86_64 | 0.2.6.1 | 57.28 | 43.07 | 100.35 | OK | |
r-release-macos-arm64 | 0.2.6.1 | 33.00 | NOTE | |||
r-release-macos-x86_64 | 0.2.6.1 | 50.00 | NOTE | |||
r-release-windows-x86_64 | 0.2.6.1 | 50.00 | 87.00 | 137.00 | OK | |
r-oldrel-macos-arm64 | 0.2.6.1 | 42.00 | NOTE | |||
r-oldrel-macos-x86_64 | 0.2.6.1 | 74.00 | NOTE | |||
r-oldrel-windows-ix86+x86_64 | 0.2.6.1 | 135.00 | 90.00 | 225.00 | OK |
Version: 0.2.6.1
Check: installed package size
Result: NOTE
installed size is 5.3Mb
sub-directories of 1Mb or more:
libs 5.2Mb
Flavors: r-devel-linux-x86_64-fedora-clang, r-release-macos-arm64, r-release-macos-x86_64, r-oldrel-macos-arm64, r-oldrel-macos-x86_64