Last updated on 2023-02-06 00:52:42 CET.
Flavor | Version | Tinstall | Tcheck | Ttotal | Status | Flags |
---|---|---|---|---|---|---|
r-devel-linux-x86_64-debian-clang | 1.0-0 | 40.76 | 104.16 | 144.92 | NOTE | |
r-devel-linux-x86_64-debian-gcc | 1.0-0 | 31.73 | 74.57 | 106.30 | NOTE | |
r-devel-linux-x86_64-fedora-clang | 1.0-0 | 201.79 | NOTE | |||
r-devel-linux-x86_64-fedora-gcc | 1.0-0 | 185.71 | NOTE | |||
r-devel-windows-x86_64 | 1.0-0 | 85.00 | 150.00 | 235.00 | NOTE | |
r-patched-linux-x86_64 | 1.0-0 | 30.69 | 99.55 | 130.24 | OK | |
r-release-linux-x86_64 | 1.0-0 | 34.83 | 101.86 | 136.69 | OK | |
r-release-macos-arm64 | 1.0-0 | 43.00 | OK | |||
r-release-macos-x86_64 | 1.0-0 | 62.00 | OK | |||
r-release-windows-x86_64 | 1.0-0 | 82.00 | 158.00 | 240.00 | OK | |
r-oldrel-macos-arm64 | 1.0-0 | 44.00 | OK | |||
r-oldrel-macos-x86_64 | 1.0-0 | 61.00 | OK | |||
r-oldrel-windows-ix86+x86_64 | 1.0-0 | 93.00 | 170.00 | 263.00 | OK |
Version: 1.0-0
Check: C++ specification
Result: NOTE
Specified C++11: please update to current default of C++17
Flavors: r-devel-linux-x86_64-debian-clang, r-devel-linux-x86_64-debian-gcc, r-devel-linux-x86_64-fedora-clang, r-devel-linux-x86_64-fedora-gcc, r-devel-windows-x86_64