CRAN Package Check Results for Package rtsdata

Last updated on 2022-01-24 22:56:40 CET.

Flavor Version Tinstall Tcheck Ttotal Status Flags
r-devel-linux-x86_64-debian-clang 0.1.3 3.22 37.01 40.23 OK
r-devel-linux-x86_64-debian-gcc 0.1.3 2.18 29.06 31.24 OK
r-devel-linux-x86_64-fedora-clang 0.1.3 51.39 NOTE
r-devel-linux-x86_64-fedora-gcc 0.1.3 38.18 NOTE
r-devel-windows-x86_64-new-UL 0.1.3 20.00 57.00 77.00 OK
r-devel-windows-x86_64-new-TK 0.1.3 OK
r-patched-linux-x86_64 0.1.3 2.60 35.75 38.35 OK
r-release-linux-x86_64 0.1.3 1.88 35.48 37.36 OK
r-release-macos-arm64 0.1.3 OK
r-release-macos-x86_64 0.1.3 OK
r-release-windows-ix86+x86_64 0.1.3 7.00 46.00 53.00 OK
r-oldrel-macos-x86_64 0.1.3 OK
r-oldrel-windows-ix86+x86_64 0.1.3 7.00 45.00 52.00 OK

Check Details

Version: 0.1.3
Check: package dependencies
Result: NOTE
    Package suggested but not available for checking: ‘RQuantLib’
Flavors: r-devel-linux-x86_64-fedora-clang, r-devel-linux-x86_64-fedora-gcc