CRAN Package Check Results for Package ruimtehol

Last updated on 2021-12-07 22:59:42 CET.

Flavor Version Tinstall Tcheck Ttotal Status Flags
r-devel-linux-x86_64-debian-clang 0.3 264.28 425.86 690.14 OK
r-devel-linux-x86_64-debian-gcc 0.3 184.14 369.88 554.02 OK
r-devel-linux-x86_64-fedora-clang 0.3 900.98 NOTE
r-devel-linux-x86_64-fedora-gcc 0.3 870.71 OK
r-devel-windows-x86_64-new-UL 0.3 329.00 464.00 793.00 NOTE
r-devel-windows-x86_64-new-TK 0.3 OK
r-devel-windows-x86_64-old 0.3 325.00 346.00 671.00 NOTE
r-patched-linux-x86_64 0.3 220.52 485.86 706.38 OK
r-release-linux-x86_64 0.3 222.94 494.15 717.09 OK
r-release-macos-arm64 0.3 NOTE
r-release-macos-x86_64 0.3 NOTE
r-release-windows-ix86+x86_64 0.3 488.00 432.00 920.00 NOTE
r-oldrel-macos-x86_64 0.3 NOTE
r-oldrel-windows-ix86+x86_64 0.3 651.00 439.00 1090.00 NOTE

Check Details

Version: 0.3
Check: installed package size
Result: NOTE
     installed size is 10.2Mb
     sub-directories of 1Mb or more:
     data 3.8Mb
     libs 5.9Mb
Flavors: r-devel-linux-x86_64-fedora-clang, r-devel-windows-x86_64-new-UL, r-devel-windows-x86_64-old, r-release-macos-arm64, r-release-macos-x86_64, r-release-windows-ix86+x86_64, r-oldrel-macos-x86_64, r-oldrel-windows-ix86+x86_64