CRAN Package Check Results for Package runes

Last updated on 2022-05-22 22:51:50 CEST.

Flavor Version Tinstall Tcheck Ttotal Status Flags
r-devel-linux-x86_64-debian-clang 0.1.0 2.22 31.92 34.14 NOTE
r-devel-linux-x86_64-debian-gcc 0.1.0 1.58 25.01 26.59 NOTE
r-devel-linux-x86_64-fedora-clang 0.1.0 43.44 NOTE
r-devel-linux-x86_64-fedora-gcc 0.1.0 30.00 NOTE
r-devel-windows-x86_64 0.1.0 6.00 47.00 53.00 NOTE
r-patched-linux-x86_64 0.1.0 2.18 31.69 33.87 NOTE
r-release-linux-x86_64 0.1.0 2.23 29.27 31.50 NOTE
r-release-macos-arm64 0.1.0 14.00 NOTE
r-release-macos-x86_64 0.1.0 22.00 NOTE
r-release-windows-x86_64 0.1.0 9.00 47.00 56.00 NOTE
r-oldrel-macos-arm64 0.1.0 18.00 NOTE
r-oldrel-macos-x86_64 0.1.0 26.00 NOTE
r-oldrel-windows-ix86+x86_64 0.1.0 5.00 41.00 46.00 NOTE

Check Details

Version: 0.1.0
Check: LazyData
Result: NOTE
     'LazyData' is specified without a 'data' directory
Flavors: r-devel-linux-x86_64-debian-clang, r-devel-linux-x86_64-debian-gcc, r-devel-linux-x86_64-fedora-clang, r-devel-linux-x86_64-fedora-gcc, r-devel-windows-x86_64, r-patched-linux-x86_64, r-release-linux-x86_64, r-release-macos-arm64, r-release-macos-x86_64, r-release-windows-x86_64, r-oldrel-macos-arm64, r-oldrel-macos-x86_64, r-oldrel-windows-ix86+x86_64