CRAN Package Check Results for Package rusk

Last updated on 2023-04-01 22:53:55 CEST.

Flavor Version Tinstall Tcheck Ttotal Status Flags
r-devel-linux-x86_64-debian-clang 0.1.1 8.08 54.96 63.04 NOTE
r-devel-linux-x86_64-debian-gcc 0.1.1 4.46 41.63 46.09 NOTE
r-devel-linux-x86_64-fedora-clang 0.1.1 76.33 NOTE
r-devel-linux-x86_64-fedora-gcc 0.1.1 73.27 NOTE
r-patched-linux-x86_64 0.1.1 6.53 53.55 60.08 NOTE
r-release-linux-x86_64 0.1.1 4.83 53.40 58.23 NOTE
r-release-macos-arm64 0.1.1 25.00 NOTE
r-release-macos-x86_64 0.1.1 47.00 NOTE
r-release-windows-x86_64 0.1.1 17.00 90.00 107.00 NOTE
r-oldrel-macos-arm64 0.1.1 31.00 NOTE
r-oldrel-macos-x86_64 0.1.1 43.00 NOTE
r-oldrel-windows-ix86+x86_64 0.1.1 17.00 80.00 97.00 NOTE

Check Details

Version: 0.1.1
Check: LazyData
Result: NOTE
     'LazyData' is specified without a 'data' directory
Flavors: r-devel-linux-x86_64-debian-clang, r-devel-linux-x86_64-debian-gcc, r-devel-linux-x86_64-fedora-clang, r-devel-linux-x86_64-fedora-gcc, r-patched-linux-x86_64, r-release-linux-x86_64, r-release-macos-arm64, r-release-macos-x86_64, r-release-windows-x86_64, r-oldrel-macos-arm64, r-oldrel-macos-x86_64, r-oldrel-windows-ix86+x86_64