CRAN Package Check Results for Package rvHPDT

Last updated on 2022-01-15 23:00:39 CET.

Flavor Version Tinstall Tcheck Ttotal Status Flags
r-devel-linux-x86_64-debian-clang 3.0 3.64 35.58 39.22 NOTE
r-devel-linux-x86_64-debian-gcc 3.0 2.90 27.82 30.72 NOTE
r-devel-linux-x86_64-fedora-clang 3.0 48.98 NOTE
r-devel-linux-x86_64-fedora-gcc 3.0 37.05 NOTE
r-devel-windows-x86_64-new-UL 3.0 16.00 55.00 71.00 NOTE
r-devel-windows-x86_64-new-TK 3.0 NOTE
r-patched-linux-x86_64 3.0 2.62 35.41 38.03 NOTE
r-release-linux-x86_64 3.0 2.65 33.97 36.62 NOTE
r-release-macos-arm64 3.0 NOTE
r-release-macos-x86_64 3.0 NOTE
r-release-windows-ix86+x86_64 3.0 6.00 43.00 49.00 NOTE
r-oldrel-macos-x86_64 3.0 NOTE
r-oldrel-windows-ix86+x86_64 3.0 6.00 42.00 48.00 NOTE

Check Details

Version: 3.0
Check: DESCRIPTION meta-information
Result: NOTE
    Malformed Title field: should not end in a period.
Flavors: r-devel-linux-x86_64-debian-clang, r-devel-linux-x86_64-debian-gcc, r-devel-linux-x86_64-fedora-clang, r-devel-linux-x86_64-fedora-gcc, r-devel-windows-x86_64-new-UL, r-devel-windows-x86_64-new-TK, r-patched-linux-x86_64, r-release-linux-x86_64, r-release-macos-arm64, r-release-macos-x86_64, r-release-windows-ix86+x86_64, r-oldrel-macos-x86_64, r-oldrel-windows-ix86+x86_64

Version: 3.0
Check: R code for possible problems
Result: NOTE
    HapMendlianCheck: no visible global function definition for
     'write.table'
    rvPDT.test.sub: no visible global function definition for 'pnorm'
    whap.prehap: no visible global function definition for 'write.table'
    whap.prehap: no visible global function definition for 'read.table'
    Undefined global functions or variables:
     pnorm read.table write.table
    Consider adding
     importFrom("stats", "pnorm")
     importFrom("utils", "read.table", "write.table")
    to your NAMESPACE file.
Flavors: r-devel-linux-x86_64-debian-clang, r-devel-linux-x86_64-debian-gcc, r-devel-linux-x86_64-fedora-clang, r-devel-linux-x86_64-fedora-gcc, r-devel-windows-x86_64-new-UL, r-devel-windows-x86_64-new-TK, r-patched-linux-x86_64, r-release-linux-x86_64, r-release-macos-arm64, r-release-macos-x86_64, r-release-windows-ix86+x86_64, r-oldrel-macos-x86_64, r-oldrel-windows-ix86+x86_64