CRAN Package Check Results for Package rwebstat

Last updated on 2022-05-24 22:50:17 CEST.

Flavor Version Tinstall Tcheck Ttotal Status Flags
r-devel-linux-x86_64-debian-clang 1.1.0 6.53 66.80 73.33 NOTE
r-devel-linux-x86_64-debian-gcc 1.1.0 4.67 49.61 54.28 NOTE
r-devel-linux-x86_64-fedora-clang 1.1.0 90.44 NOTE
r-devel-linux-x86_64-fedora-gcc 1.1.0 71.80 NOTE
r-devel-windows-x86_64 1.1.0 18.00 85.00 103.00 NOTE
r-patched-linux-x86_64 1.1.0 6.32 61.49 67.81 NOTE
r-release-linux-x86_64 1.1.0 NOTE
r-release-macos-arm64 1.1.0 26.00 NOTE
r-release-macos-x86_64 1.1.0 46.00 NOTE
r-release-windows-x86_64 1.1.0 16.00 85.00 101.00 NOTE
r-oldrel-macos-arm64 1.1.0 30.00 NOTE
r-oldrel-macos-x86_64 1.1.0 37.00 NOTE
r-oldrel-windows-ix86+x86_64 1.1.0 16.00 75.00 91.00 NOTE

Check Details

Version: 1.1.0
Check: LazyData
Result: NOTE
     'LazyData' is specified without a 'data' directory
Flavors: r-devel-linux-x86_64-debian-clang, r-devel-linux-x86_64-debian-gcc, r-devel-linux-x86_64-fedora-clang, r-devel-linux-x86_64-fedora-gcc, r-devel-windows-x86_64, r-patched-linux-x86_64, r-release-linux-x86_64, r-release-macos-arm64, r-release-macos-x86_64, r-release-windows-x86_64, r-oldrel-macos-arm64, r-oldrel-macos-x86_64, r-oldrel-windows-ix86+x86_64

Version: 1.1.0
Check: dependencies in R code
Result: NOTE
    Namespace in Imports field not imported from: ‘htmltools’
     All declared Imports should be used.
Flavors: r-devel-linux-x86_64-fedora-clang, r-devel-linux-x86_64-fedora-gcc, r-release-macos-arm64, r-release-macos-x86_64, r-oldrel-macos-arm64, r-oldrel-macos-x86_64