Last updated on 2023-01-28 22:55:25 CET.
Flavor | Version | Tinstall | Tcheck | Ttotal | Status | Flags |
---|---|---|---|---|---|---|
r-devel-linux-x86_64-debian-clang | 3.6.0 | 11.61 | 82.80 | 94.41 | OK | |
r-devel-linux-x86_64-debian-gcc | 3.6.0 | 7.65 | 60.26 | 67.91 | OK | |
r-devel-linux-x86_64-fedora-clang | 3.6.0 | 114.30 | NOTE | |||
r-devel-linux-x86_64-fedora-gcc | 3.6.0 | 123.31 | OK | |||
r-patched-linux-x86_64 | 3.6.0 | 8.82 | 77.91 | 86.73 | OK | |
r-release-linux-x86_64 | 3.6.0 | 7.71 | 75.91 | 83.62 | OK | |
r-release-macos-arm64 | 3.6.0 | 57.00 | OK | |||
r-release-macos-x86_64 | 3.6.0 | 88.00 | OK | |||
r-release-windows-x86_64 | 3.6.0 | 59.00 | 128.00 | 187.00 | OK | |
r-oldrel-macos-arm64 | 3.6.0 | 39.00 | OK | |||
r-oldrel-macos-x86_64 | 3.6.0 | 55.00 | OK | |||
r-oldrel-windows-ix86+x86_64 | 3.6.0 | 22.00 | 112.00 | 134.00 | OK |
Version: 3.6.0
Check: Rd cross-references
Result: NOTE
Undeclared package ‘rym’ in Rd xrefs
Flavor: r-devel-linux-x86_64-fedora-clang