Last updated on 2023-02-06 00:52:42 CET.
Flavor | Version | Tinstall | Tcheck | Ttotal | Status | Flags |
---|---|---|---|---|---|---|
r-devel-linux-x86_64-debian-clang | 0.2.1 | 9.31 | 59.58 | 68.89 | OK | |
r-devel-linux-x86_64-debian-gcc | 0.2.1 | 7.52 | 44.79 | 52.31 | OK | |
r-devel-linux-x86_64-fedora-clang | 0.2.1 | 88.18 | NOTE | |||
r-devel-linux-x86_64-fedora-gcc | 0.2.1 | 92.59 | NOTE | |||
r-devel-windows-x86_64 | 0.2.1 | 19.00 | 92.00 | 111.00 | OK | |
r-patched-linux-x86_64 | 0.2.1 | 6.89 | 57.31 | 64.20 | OK | |
r-release-linux-x86_64 | 0.2.1 | 7.76 | 58.18 | 65.94 | OK | |
r-release-macos-arm64 | 0.2.1 | 25.00 | NOTE | |||
r-release-macos-x86_64 | 0.2.1 | 35.00 | NOTE | |||
r-release-windows-x86_64 | 0.2.1 | 13.00 | 93.00 | 106.00 | OK | |
r-oldrel-macos-arm64 | 0.2.1 | 29.00 | NOTE | |||
r-oldrel-macos-x86_64 | 0.2.1 | 37.00 | NOTE | |||
r-oldrel-windows-ix86+x86_64 | 0.2.1 | 17.00 | 88.00 | 105.00 | OK |
Version: 0.2.1
Check: dependencies in R code
Result: NOTE
Namespaces in Imports field not imported from:
‘CARBayesdata’ ‘MASS’ ‘nimble’
All declared Imports should be used.
Flavors: r-devel-linux-x86_64-fedora-clang, r-devel-linux-x86_64-fedora-gcc, r-release-macos-arm64, r-release-macos-x86_64, r-oldrel-macos-arm64, r-oldrel-macos-x86_64