CRAN Package Check Results for Package saeSim

Last updated on 2021-12-05 22:49:04 CET.

Flavor Version Tinstall Tcheck Ttotal Status Flags
r-devel-linux-x86_64-debian-clang 0.10.0 31.89 333.11 365.00 OK
r-devel-linux-x86_64-debian-gcc 0.10.0 26.81 258.62 285.43 OK
r-devel-linux-x86_64-fedora-clang 0.10.0 441.41 NOTE
r-devel-linux-x86_64-fedora-gcc 0.10.0 431.37 OK
r-devel-windows-x86_64-new-UL 0.10.0 59.00 376.00 435.00 OK
r-devel-windows-x86_64-new-TK 0.10.0 OK
r-devel-windows-x86_64-old 0.10.0 52.00 286.00 338.00 OK
r-patched-linux-x86_64 0.10.0 40.00 314.89 354.89 OK
r-release-linux-x86_64 0.10.0 33.84 324.45 358.29 OK
r-release-macos-arm64 0.10.0 OK
r-release-macos-x86_64 0.10.0 OK
r-release-windows-ix86+x86_64 0.10.0 79.00 395.00 474.00 OK
r-oldrel-macos-x86_64 0.10.0 OK
r-oldrel-windows-ix86+x86_64 0.10.0 82.00 404.00 486.00 OK

Check Details

Version: 0.10.0
Check: Rd cross-references
Result: NOTE
    Undeclared packages ‘magrittr’, ‘rlang’ in Rd xrefs
Flavor: r-devel-linux-x86_64-fedora-clang