CRAN Package Check Results for Package safetyCharts

Last updated on 2021-12-02 22:56:06 CET.

Flavor Version Tinstall Tcheck Ttotal Status Flags
r-devel-linux-x86_64-debian-clang 0.2.0 8.05 74.14 82.19 OK
r-devel-linux-x86_64-debian-gcc 0.2.0 5.95 55.28 61.23 OK
r-devel-linux-x86_64-fedora-clang 0.2.0 106.62 NOTE
r-devel-linux-x86_64-fedora-gcc 0.2.0 92.55 NOTE
r-devel-windows-x86_64-new-UL 0.2.0 20.00 117.00 137.00 OK
r-devel-windows-x86_64-new-TK 0.2.0 NOTE
r-devel-windows-x86_64-old 0.2.0 14.00 68.00 82.00 OK
r-patched-linux-x86_64 0.2.0 7.43 67.76 75.19 OK
r-patched-solaris-x86 0.2.0 138.80 NOTE
r-release-linux-x86_64 0.2.0 7.18 67.54 74.72 OK
r-release-macos-arm64 0.2.0 NOTE
r-release-macos-x86_64 0.2.0 NOTE
r-release-windows-ix86+x86_64 0.2.0 19.00 102.00 121.00 OK
r-oldrel-macos-x86_64 0.2.0 NOTE
r-oldrel-windows-ix86+x86_64 0.2.0 19.00 102.00 121.00 OK

Check Details

Version: 0.2.0
Check: dependencies in R code
Result: NOTE
    Namespaces in Imports field not imported from:
     ‘kableExtra’ ‘knitr’
     All declared Imports should be used.
Flavors: r-devel-linux-x86_64-fedora-clang, r-devel-linux-x86_64-fedora-gcc, r-devel-windows-x86_64-new-TK, r-patched-solaris-x86, r-release-macos-arm64, r-release-macos-x86_64, r-oldrel-macos-x86_64