CRAN Package Check Results for Package sageR

Last updated on 2023-05-31 21:58:44 CEST.

Flavor Version Tinstall Tcheck Ttotal Status Flags
r-devel-linux-x86_64-debian-clang 0.6.1 7.41 78.10 85.51 OK
r-devel-linux-x86_64-debian-gcc 0.6.1 4.90 59.92 64.82 OK
r-devel-linux-x86_64-fedora-clang 0.6.1 106.80 NOTE
r-devel-linux-x86_64-fedora-gcc 0.6.1 116.06 NOTE
r-devel-windows-x86_64 0.6.1 9.00 81.00 90.00 OK
r-patched-linux-x86_64 0.6.1 OK
r-release-linux-x86_64 0.6.1 6.83 74.28 81.11 OK
r-release-macos-arm64 0.6.1 43.00 OK
r-release-macos-x86_64 0.6.1 64.00 OK
r-release-windows-x86_64 0.6.1 10.00 96.00 106.00 OK
r-oldrel-macos-arm64 0.6.1 31.00 OK
r-oldrel-macos-x86_64 0.6.1 47.00 OK
r-oldrel-windows-x86_64 0.6.1 11.00 96.00 107.00 OK

Check Details

Version: 0.6.1
Check: data for non-ASCII characters
Result: NOTE
     Note: found 120 marked UTF-8 strings
Flavors: r-devel-linux-x86_64-fedora-clang, r-devel-linux-x86_64-fedora-gcc