CRAN Package Check Results for Package sankeywheel

Last updated on 2022-01-25 22:57:09 CET.

Flavor Version Tinstall Tcheck Ttotal Status Flags
r-devel-linux-x86_64-debian-clang 0.1.0 2.05 35.54 37.59 OK
r-devel-linux-x86_64-debian-gcc 0.1.0 2.13 28.02 30.15 OK
r-devel-linux-x86_64-fedora-clang 0.1.0 47.47 OK
r-devel-linux-x86_64-fedora-gcc 0.1.0 36.29 OK
r-devel-windows-x86_64-new-UL 0.1.0 60.00 63.00 123.00 OK
r-devel-windows-x86_64-new-TK 0.1.0 OK
r-patched-linux-x86_64 0.1.0 2.48 33.86 36.34 OK
r-release-linux-x86_64 0.1.0 2.35 33.84 36.19 OK
r-release-macos-arm64 0.1.0 OK
r-release-macos-x86_64 0.1.0 WARN
r-release-windows-ix86+x86_64 0.1.0 6.00 45.00 51.00 OK
r-oldrel-macos-x86_64 0.1.0 WARN
r-oldrel-windows-ix86+x86_64 0.1.0 6.00 45.00 51.00 OK

Check Details

Version: 0.1.0
Check: re-building of vignette outputs
Result: WARN
    Error(s) in re-building vignettes:
     ...
    --- re-building ‘sankeywheel.Rmd’ using rmarkdown
    Warning in engine$weave(file, quiet = quiet, encoding = enc) :
     Pandoc (>= 1.12.3) not available. Falling back to R Markdown v1.
    Quitting from lines 43-44 (sankeywheel.Rmd)
    Error: processing vignette 'sankeywheel.Rmd' failed with diagnostics:
    invalid 'path' argument
    --- failed re-building ‘sankeywheel.Rmd’
    
    SUMMARY: processing the following file failed:
     ‘sankeywheel.Rmd’
    
    Error: Vignette re-building failed.
    Execution halted
Flavor: r-release-macos-x86_64

Version: 0.1.0
Check: re-building of vignette outputs
Result: WARN
    Error(s) in re-building vignettes:
     ...
    --- re-building ‘sankeywheel.Rmd’ using rmarkdown
    Warning in engine$weave(file, quiet = quiet, encoding = enc) :
     Pandoc (>= 1.12.3) and/or pandoc-citeproc not available. Falling back to R Markdown v1.
    Quitting from lines 43-44 (sankeywheel.Rmd)
    Error: processing vignette 'sankeywheel.Rmd' failed with diagnostics:
    cannot open the connection
    --- failed re-building ‘sankeywheel.Rmd’
    
    SUMMARY: processing the following file failed:
     ‘sankeywheel.Rmd’
    
    Error: Vignette re-building failed.
    Execution halted
Flavor: r-oldrel-macos-x86_64