CRAN Package Check Results for Package santaR

Last updated on 2022-01-21 23:02:04 CET.

Flavor Version Tinstall Tcheck Ttotal Status Flags
r-devel-linux-x86_64-debian-clang 1.0 7.14 191.69 198.83 OK
r-devel-linux-x86_64-debian-gcc 1.0 4.33 139.87 144.20 OK
r-devel-linux-x86_64-fedora-clang 1.0 231.08 NOTE
r-devel-linux-x86_64-fedora-gcc 1.0 218.52 NOTE
r-devel-windows-x86_64-new-UL 1.0 57.00 216.00 273.00 OK
r-devel-windows-x86_64-new-TK 1.0 NOTE
r-patched-linux-x86_64 1.0 7.74 190.66 198.40 OK
r-release-linux-x86_64 1.0 6.38 190.03 196.41 OK
r-release-macos-arm64 1.0 NOTE
r-release-macos-x86_64 1.0 NOTE
r-release-windows-ix86+x86_64 1.0 14.00 213.00 227.00 OK
r-oldrel-macos-x86_64 1.0 NOTE
r-oldrel-windows-ix86+x86_64 1.0 14.00 210.00 224.00 OK

Check Details

Version: 1.0
Check: dependencies in R code
Result: NOTE
    Namespace in Imports field not imported from: ‘gridExtra’
     All declared Imports should be used.
Flavors: r-devel-linux-x86_64-fedora-clang, r-devel-linux-x86_64-fedora-gcc, r-devel-windows-x86_64-new-TK, r-release-macos-arm64, r-release-macos-x86_64, r-oldrel-macos-x86_64