CRAN Package Check Results for Package sapfluxnetr

Last updated on 2024-02-27 23:08:25 CET.

Flavor Version Tinstall Tcheck Ttotal Status Flags
r-devel-linux-x86_64-debian-clang 0.1.4 11.21 224.11 235.32 OK
r-devel-linux-x86_64-debian-gcc 0.1.4 8.70 177.01 185.71 OK
r-devel-linux-x86_64-fedora-clang 0.1.4 304.88 NOTE
r-devel-linux-x86_64-fedora-gcc 0.1.4 314.35 NOTE
r-devel-windows-x86_64 0.1.4 11.00 193.00 204.00 OK
r-patched-linux-x86_64 0.1.4 13.68 230.10 243.78 OK
r-release-linux-x86_64 0.1.4 7.32 230.33 237.65 OK
r-release-macos-arm64 0.1.4 90.00 OK
r-release-macos-x86_64 0.1.4 160.00 OK
r-release-windows-x86_64 0.1.4 15.00 254.00 269.00 OK
r-oldrel-macos-arm64 0.1.4 76.00 OK
r-oldrel-windows-x86_64 0.1.4 15.00 238.00 253.00 OK

Check Details

Version: 0.1.4
Check: data for non-ASCII characters
Result: NOTE Note: found 4 marked UTF-8 strings Flavors: r-devel-linux-x86_64-fedora-clang, r-devel-linux-x86_64-fedora-gcc