CRAN Package Check Results for Package sarp.snowprofile.alignment

Last updated on 2022-01-28 23:00:51 CET.

Flavor Version Tinstall Tcheck Ttotal Status Flags
r-devel-linux-x86_64-debian-clang 1.0.2 6.50 169.92 176.42 OK
r-devel-linux-x86_64-debian-gcc 1.0.2 4.92 127.06 131.98 OK
r-devel-linux-x86_64-fedora-clang 1.0.2 209.81 OK
r-devel-linux-x86_64-fedora-gcc 1.0.2 189.49 OK
r-devel-windows-x86_64-new-UL 1.0.2 474.00 221.00 695.00 OK
r-devel-windows-x86_64-new-TK 1.0.2 NOTE
r-patched-linux-x86_64 1.0.2 9.51 164.36 173.87 OK
r-release-linux-x86_64 1.0.2 6.36 158.87 165.23 OK
r-release-macos-arm64 1.0.2 OK
r-release-macos-x86_64 1.0.2 OK
r-release-windows-ix86+x86_64 1.0.2 13.00 204.00 217.00 OK
r-oldrel-macos-x86_64 1.0.2 OK
r-oldrel-windows-ix86+x86_64 1.0.2 14.00 203.00 217.00 OK

Check Details

Version: 1.0.2
Check: package dependencies
Result: NOTE
    Package suggested but not available for checking: 'smacof'
Flavor: r-devel-windows-x86_64-new-TK