CRAN Package Check Results for Package scRNAtools

Last updated on 2022-01-28 23:00:51 CET.

Flavor Version Tinstall Tcheck Ttotal Status Flags
r-devel-linux-x86_64-debian-clang 1.0 19.28 190.62 209.90 NOTE
r-devel-linux-x86_64-debian-gcc 1.0 15.36 140.62 155.98 NOTE
r-devel-linux-x86_64-fedora-clang 1.0 232.49 NOTE
r-devel-linux-x86_64-fedora-gcc 1.0 228.85 NOTE
r-devel-windows-x86_64-new-UL 1.0 61.00 207.00 268.00 OK
r-devel-windows-x86_64-new-TK 1.0 OK
r-patched-linux-x86_64 1.0 15.30 167.85 183.15 NOTE
r-release-linux-x86_64 1.0 16.39 163.08 179.47 NOTE
r-release-macos-arm64 1.0 OK
r-release-macos-x86_64 1.0 OK
r-release-windows-ix86+x86_64 1.0 44.00 191.00 235.00 OK
r-oldrel-macos-x86_64 1.0 ERROR
r-oldrel-windows-ix86+x86_64 1.0 42.00 193.00 235.00 OK

Check Details

Version: 1.0
Check: for non-standard things in the check directory
Result: NOTE
    Found the following files/directories:
     'untitled_consensus_cluster'
Flavors: r-devel-linux-x86_64-debian-clang, r-devel-linux-x86_64-debian-gcc, r-devel-linux-x86_64-fedora-clang, r-devel-linux-x86_64-fedora-gcc, r-patched-linux-x86_64, r-release-linux-x86_64

Version: 1.0
Check: package dependencies
Result: ERROR
    Packages required but not available: 'ALL', 'ConsensusClusterPlus'
    
    See section ‘The DESCRIPTION file’ in the ‘Writing R Extensions’
    manual.
Flavor: r-oldrel-macos-x86_64