CRAN Package Check Results for Package scaffolder

Last updated on 2024-02-21 23:11:41 CET.

Flavor Version Tinstall Tcheck Ttotal Status Flags
r-devel-linux-x86_64-debian-clang 0.0.1 NOTE
r-devel-linux-x86_64-debian-gcc 0.0.1 7.34 61.79 69.13 NOTE
r-devel-linux-x86_64-fedora-clang 0.0.1 110.92 NOTE
r-devel-linux-x86_64-fedora-gcc 0.0.1 118.00 NOTE
r-devel-windows-x86_64 0.0.1 8.00 76.00 84.00 NOTE
r-patched-linux-x86_64 0.0.1 11.15 81.88 93.03 NOTE
r-release-linux-x86_64 0.0.1 6.79 79.87 86.66 NOTE
r-release-macos-arm64 0.0.1 42.00 NOTE
r-release-macos-x86_64 0.0.1 67.00 NOTE
r-release-windows-x86_64 0.0.1 9.00 88.00 97.00 NOTE
r-oldrel-macos-arm64 0.0.1 31.00 NOTE
r-oldrel-windows-x86_64 0.0.1 11.00 90.00 101.00 NOTE

Additional issues

donttest

Check Details

Version: 0.0.1
Check: LazyData
Result: NOTE 'LazyData' is specified without a 'data' directory Flavors: r-devel-linux-x86_64-debian-clang, r-devel-linux-x86_64-debian-gcc, r-devel-linux-x86_64-fedora-clang, r-devel-linux-x86_64-fedora-gcc, r-devel-windows-x86_64, r-patched-linux-x86_64, r-release-linux-x86_64, r-release-macos-arm64, r-release-macos-x86_64, r-release-windows-x86_64, r-oldrel-macos-arm64, r-oldrel-windows-x86_64