CRAN Package Check Results for Package scagnostics

Last updated on 2022-01-23 22:49:54 CET.

Flavor Version Tinstall Tcheck Ttotal Status Flags
r-devel-linux-x86_64-debian-clang 0.2-4.1 3.21 43.91 47.12 NOTE
r-devel-linux-x86_64-debian-gcc 0.2-4.1 2.84 37.78 40.62 NOTE
r-devel-linux-x86_64-fedora-clang 0.2-4.1 57.30 NOTE
r-devel-linux-x86_64-fedora-gcc 0.2-4.1 46.88 NOTE
r-devel-windows-x86_64-new-UL 0.2-4.1 28.00 63.00 91.00 OK
r-devel-windows-x86_64-new-TK 0.2-4.1 OK
r-patched-linux-x86_64 0.2-4.1 2.59 43.09 45.68 NOTE
r-release-linux-x86_64 0.2-4.1 3.58 41.94 45.52 NOTE
r-release-macos-arm64 0.2-4.1 OK
r-release-macos-x86_64 0.2-4.1 OK
r-release-windows-ix86+x86_64 0.2-4.1 8.00 41.00 49.00 OK
r-oldrel-macos-x86_64 0.2-4.1 OK
r-oldrel-windows-ix86+x86_64 0.2-4.1 7.00 56.00 63.00 OK

Check Details

Version: 0.2-4.1
Check: top-level files
Result: NOTE
    Non-standard file/directory found at top level:
     'src-java'
Flavors: r-devel-linux-x86_64-debian-clang, r-devel-linux-x86_64-debian-gcc, r-devel-linux-x86_64-fedora-clang, r-devel-linux-x86_64-fedora-gcc, r-patched-linux-x86_64, r-release-linux-x86_64