CRAN Package Check Results for Package scalpel

Last updated on 2022-01-23 22:49:54 CET.

Flavor Version Tinstall Tcheck Ttotal Status Flags
r-devel-linux-x86_64-debian-clang 1.0.3 10.92 85.43 96.35 NOTE
r-devel-linux-x86_64-debian-gcc 1.0.3 10.57 73.42 83.99 NOTE
r-devel-linux-x86_64-fedora-clang 1.0.3 118.54 NOTE
r-devel-linux-x86_64-fedora-gcc 1.0.3 104.97 NOTE
r-devel-windows-x86_64-new-UL 1.0.3 57.00 107.00 164.00 NOTE
r-devel-windows-x86_64-new-TK 1.0.3 NOTE
r-patched-linux-x86_64 1.0.3 13.57 82.02 95.59 NOTE
r-release-linux-x86_64 1.0.3 11.61 80.72 92.33 NOTE
r-release-macos-arm64 1.0.3 NOTE
r-release-macos-x86_64 1.0.3 NOTE
r-release-windows-ix86+x86_64 1.0.3 25.00 122.00 147.00 NOTE
r-oldrel-macos-x86_64 1.0.3 OK
r-oldrel-windows-ix86+x86_64 1.0.3 26.00 121.00 147.00 OK

Check Details

Version: 1.0.3
Check: LazyData
Result: NOTE
     'LazyData' is specified without a 'data' directory
Flavors: r-devel-linux-x86_64-debian-clang, r-devel-linux-x86_64-debian-gcc, r-devel-linux-x86_64-fedora-clang, r-devel-linux-x86_64-fedora-gcc, r-devel-windows-x86_64-new-UL, r-devel-windows-x86_64-new-TK, r-patched-linux-x86_64, r-release-linux-x86_64, r-release-macos-arm64, r-release-macos-x86_64, r-release-windows-ix86+x86_64