CRAN Package Check Results for Package scbursts

Last updated on 2022-07-05 22:50:33 CEST.

Flavor Version Tinstall Tcheck Ttotal Status Flags
r-devel-linux-x86_64-debian-clang 1.6 5.07 62.32 67.39 NOTE
r-devel-linux-x86_64-debian-gcc 1.6 4.19 46.95 51.14 NOTE
r-devel-linux-x86_64-fedora-clang 1.6 91.57 NOTE
r-devel-linux-x86_64-fedora-gcc 1.6 90.12 NOTE
r-devel-windows-x86_64 1.6 40.00 119.00 159.00 NOTE
r-patched-linux-x86_64 1.6 4.62 58.63 63.25 NOTE
r-release-linux-x86_64 1.6 5.83 59.24 65.07 NOTE
r-release-macos-arm64 1.6 31.00 NOTE
r-release-macos-x86_64 1.6 51.00 NOTE
r-release-windows-x86_64 1.6 55.00 117.00 172.00 NOTE
r-oldrel-macos-arm64 1.6 29.00 NOTE
r-oldrel-macos-x86_64 1.6 39.00 NOTE
r-oldrel-windows-ix86+x86_64 1.6 13.00 89.00 102.00 NOTE

Check Details

Version: 1.6
Check: LazyData
Result: NOTE
     'LazyData' is specified without a 'data' directory
Flavors: r-devel-linux-x86_64-debian-clang, r-devel-linux-x86_64-debian-gcc, r-devel-linux-x86_64-fedora-clang, r-devel-linux-x86_64-fedora-gcc, r-devel-windows-x86_64, r-patched-linux-x86_64, r-release-linux-x86_64, r-release-macos-arm64, r-release-macos-x86_64, r-release-windows-x86_64, r-oldrel-macos-arm64, r-oldrel-macos-x86_64, r-oldrel-windows-ix86+x86_64