CRAN Package Check Results for Package scrappy

Last updated on 2022-01-26 22:55:03 CET.

Flavor Version Tinstall Tcheck Ttotal Status Flags
r-devel-linux-x86_64-debian-clang 0.0.1 1.97 30.06 32.03 NOTE
r-devel-linux-x86_64-debian-gcc 0.0.1 1.28 23.26 24.54 NOTE
r-devel-linux-x86_64-fedora-clang 0.0.1 39.26 NOTE
r-devel-linux-x86_64-fedora-gcc 0.0.1 28.14 NOTE
r-devel-windows-x86_64-new-UL 0.0.1 17.00 50.00 67.00 NOTE
r-devel-windows-x86_64-new-TK 0.0.1 NOTE
r-patched-linux-x86_64 0.0.1 1.91 29.08 30.99 NOTE
r-release-linux-x86_64 0.0.1 1.38 28.51 29.89 NOTE
r-release-macos-arm64 0.0.1 NOTE
r-release-macos-x86_64 0.0.1 NOTE
r-release-windows-ix86+x86_64 0.0.1 6.00 38.00 44.00 NOTE
r-oldrel-macos-x86_64 0.0.1 OK
r-oldrel-windows-ix86+x86_64 0.0.1 5.00 37.00 42.00 OK

Check Details

Version: 0.0.1
Check: LazyData
Result: NOTE
     'LazyData' is specified without a 'data' directory
Flavors: r-devel-linux-x86_64-debian-clang, r-devel-linux-x86_64-debian-gcc, r-devel-linux-x86_64-fedora-clang, r-devel-linux-x86_64-fedora-gcc, r-devel-windows-x86_64-new-UL, r-devel-windows-x86_64-new-TK, r-patched-linux-x86_64, r-release-linux-x86_64, r-release-macos-arm64, r-release-macos-x86_64, r-release-windows-ix86+x86_64