Last updated on 2023-03-23 22:52:44 CET.
Flavor | Version | Tinstall | Tcheck | Ttotal | Status | Flags |
---|---|---|---|---|---|---|
r-devel-linux-x86_64-debian-clang | 0.2.0 | 2.08 | 22.00 | 24.08 | NOTE | |
r-devel-linux-x86_64-debian-gcc | 0.2.0 | 1.53 | 17.89 | 19.42 | NOTE | |
r-devel-linux-x86_64-fedora-clang | 0.2.0 | 32.34 | NOTE | |||
r-devel-linux-x86_64-fedora-gcc | 0.2.0 | 40.56 | NOTE | |||
r-patched-linux-x86_64 | 0.2.0 | 1.76 | 23.64 | 25.40 | NOTE | |
r-release-linux-x86_64 | 0.2.0 | 1.93 | 23.17 | 25.10 | NOTE | |
r-release-macos-arm64 | 0.2.0 | 16.00 | NOTE | |||
r-release-macos-x86_64 | 0.2.0 | 22.00 | NOTE | |||
r-release-windows-x86_64 | 0.2.0 | 22.00 | 93.00 | 115.00 | NOTE | |
r-oldrel-macos-arm64 | 0.2.0 | 21.00 | NOTE | |||
r-oldrel-macos-x86_64 | 0.2.0 | 25.00 | NOTE | |||
r-oldrel-windows-ix86+x86_64 | 0.2.0 | 5.00 | 50.00 | 55.00 | NOTE |
Version: 0.2.0
Check: LazyData
Result: NOTE
'LazyData' is specified without a 'data' directory
Flavors: r-devel-linux-x86_64-debian-clang, r-devel-linux-x86_64-debian-gcc, r-devel-linux-x86_64-fedora-clang, r-devel-linux-x86_64-fedora-gcc, r-patched-linux-x86_64, r-release-linux-x86_64, r-release-macos-arm64, r-release-macos-x86_64, r-release-windows-x86_64, r-oldrel-macos-arm64, r-oldrel-macos-x86_64, r-oldrel-windows-ix86+x86_64