CRAN Package Check Results for Package searchConsoleR

Last updated on 2022-05-18 21:53:27 CEST.

Flavor Version Tinstall Tcheck Ttotal Status Flags
r-devel-linux-x86_64-debian-clang 0.4.0 2.86 47.04 49.90 NOTE
r-devel-linux-x86_64-debian-gcc 0.4.0 3.09 36.96 40.05 NOTE
r-devel-linux-x86_64-fedora-clang 0.4.0 62.21 NOTE
r-devel-linux-x86_64-fedora-gcc 0.4.0 60.04 NOTE
r-devel-windows-x86_64 0.4.0 52.00 68.00 120.00 NOTE
r-patched-linux-x86_64 0.4.0 4.40 46.60 51.00 NOTE
r-release-linux-x86_64 0.4.0 4.05 45.68 49.73 NOTE
r-release-macos-arm64 0.4.0 23.00 NOTE
r-release-macos-x86_64 0.4.0 32.00 NOTE
r-release-windows-x86_64 0.4.0 70.00 65.00 135.00 NOTE
r-oldrel-macos-arm64 0.4.0 26.00 NOTE
r-oldrel-macos-x86_64 0.4.0 33.00 NOTE
r-oldrel-windows-ix86+x86_64 0.4.0 10.00 56.00 66.00 NOTE

Check Details

Version: 0.4.0
Check: LazyData
Result: NOTE
     'LazyData' is specified without a 'data' directory
Flavors: r-devel-linux-x86_64-debian-clang, r-devel-linux-x86_64-debian-gcc, r-devel-linux-x86_64-fedora-clang, r-devel-linux-x86_64-fedora-gcc, r-devel-windows-x86_64, r-patched-linux-x86_64, r-release-linux-x86_64, r-release-macos-arm64, r-release-macos-x86_64, r-release-windows-x86_64, r-oldrel-macos-arm64, r-oldrel-macos-x86_64, r-oldrel-windows-ix86+x86_64