CRAN Package Check Results for Package secuTrialR

Last updated on 2022-01-15 23:00:40 CET.

Flavor Version Tinstall Tcheck Ttotal Status Flags
r-devel-linux-x86_64-debian-clang 1.0.9 10.09 122.96 133.05 NOTE
r-devel-linux-x86_64-debian-gcc 1.0.9 7.70 90.30 98.00 NOTE
r-devel-linux-x86_64-fedora-clang 1.0.9 157.51 NOTE
r-devel-linux-x86_64-fedora-gcc 1.0.9 141.12 NOTE
r-devel-windows-x86_64-new-UL 1.0.9 986.00 213.00 1199.00 NOTE
r-devel-windows-x86_64-new-TK 1.0.9 NOTE
r-patched-linux-x86_64 1.0.9 8.74 114.75 123.49 NOTE
r-release-linux-x86_64 1.0.9 6.30 112.35 118.65 NOTE
r-release-macos-arm64 1.0.9 NOTE
r-release-macos-x86_64 1.0.9 NOTE
r-release-windows-ix86+x86_64 1.0.9 19.00 191.00 210.00 NOTE
r-oldrel-macos-x86_64 1.0.9 OK
r-oldrel-windows-ix86+x86_64 1.0.9 21.00 188.00 209.00 OK

Check Details

Version: 1.0.9
Check: LazyData
Result: NOTE
     'LazyData' is specified without a 'data' directory
Flavors: r-devel-linux-x86_64-debian-clang, r-devel-linux-x86_64-debian-gcc, r-devel-linux-x86_64-fedora-clang, r-devel-linux-x86_64-fedora-gcc, r-devel-windows-x86_64-new-UL, r-devel-windows-x86_64-new-TK, r-patched-linux-x86_64, r-release-linux-x86_64, r-release-macos-arm64, r-release-macos-x86_64, r-release-windows-ix86+x86_64