CRAN Package Check Results for Package secure

Last updated on 2022-01-16 22:51:26 CET.

Flavor Version Tinstall Tcheck Ttotal Status Flags
r-devel-linux-x86_64-debian-clang 0.6 50.45 44.15 94.60 OK
r-devel-linux-x86_64-debian-gcc 0.6 32.16 35.03 67.19 OK
r-devel-linux-x86_64-fedora-clang 0.6 127.35 OK
r-devel-linux-x86_64-fedora-gcc 0.6 103.99 OK
r-devel-windows-x86_64-new-UL 0.6 50.00 84.00 134.00 OK
r-devel-windows-x86_64-new-TK 0.6 OK
r-patched-linux-x86_64 0.6 38.22 43.14 81.36 OK
r-release-linux-x86_64 0.6 OK
r-release-macos-arm64 0.6 NOTE
r-release-macos-x86_64 0.6 OK
r-release-windows-ix86+x86_64 0.6 106.00 89.00 195.00 OK
r-oldrel-macos-x86_64 0.6 OK
r-oldrel-windows-ix86+x86_64 0.6 105.00 83.00 188.00 OK

Check Details

Version: 0.6
Check: installed package size
Result: NOTE
     installed size is 5.6Mb
     sub-directories of 1Mb or more:
     libs 4.6Mb
Flavor: r-release-macos-arm64