CRAN Package Check Results for Package seecolor

Last updated on 2024-03-03 22:59:02 CET.

Flavor Version Tinstall Tcheck Ttotal Status Flags
r-devel-linux-x86_64-debian-clang 0.2.0 3.15 30.62 33.77 OK
r-devel-linux-x86_64-debian-gcc 0.2.0 2.24 24.04 26.28 OK
r-devel-linux-x86_64-fedora-clang 0.2.0 42.42 NOTE
r-devel-linux-x86_64-fedora-gcc 0.2.0 51.05 NOTE
r-devel-windows-x86_64 0.2.0 4.00 45.00 49.00 OK
r-patched-linux-x86_64 0.2.0 1.95 30.27 32.22 OK
r-release-linux-x86_64 0.2.0 3.13 29.77 32.90 OK
r-release-macos-arm64 0.2.0 26.00 OK
r-release-macos-x86_64 0.2.0 34.00 OK
r-release-windows-x86_64 0.2.0 4.00 48.00 52.00 OK
r-oldrel-macos-arm64 0.2.0 20.00 OK
r-oldrel-windows-x86_64 0.2.0 4.00 51.00 55.00 OK

Check Details

Version: 0.2.0
Check: dependencies in R code
Result: NOTE Namespace in Imports field not imported from: ‘fansi’ All declared Imports should be used. Flavors: r-devel-linux-x86_64-fedora-clang, r-devel-linux-x86_64-fedora-gcc