CRAN Package Check Results for Package seededlda

Last updated on 2022-01-25 22:57:09 CET.

Flavor Version Tinstall Tcheck Ttotal Status Flags
r-devel-linux-x86_64-debian-clang 0.8.0 37.04 446.29 483.33 OK
r-devel-linux-x86_64-debian-gcc 0.8.0 37.60 213.70 251.30 OK
r-devel-linux-x86_64-fedora-clang 0.8.0 449.64 OK
r-devel-linux-x86_64-fedora-gcc 0.8.0 426.70 OK
r-devel-windows-x86_64-new-UL 0.8.0 62.00 292.00 354.00 OK
r-devel-windows-x86_64-new-TK 0.8.0 OK
r-patched-linux-x86_64 0.8.0 36.82 292.59 329.41 OK
r-release-linux-x86_64 0.8.0 36.25 295.96 332.21 OK
r-release-macos-arm64 0.8.0 OK
r-release-macos-x86_64 0.8.0 WARN --as-cran
r-release-windows-ix86+x86_64 0.8.0 110.00 625.00 735.00 OK
r-oldrel-macos-x86_64 0.8.0 OK
r-oldrel-windows-ix86+x86_64 0.8.0 108.00 624.00 732.00 OK

Check Details

Version: 0.8.0
Flags: --as-cran
Check: CRAN incoming feasibility
Result: WARN
    Maintainer: ‘Kohei Watanabe <watanabe.kohei@gmail.com>’
    
    Insufficient package version (submitted: 0.8.0, existing: 0.8.0)
    
    Days since last update: 1
Flavor: r-release-macos-x86_64

Version: 0.8.0
Flags: --as-cran
Check: top-level files
Result: NOTE
    Files ‘README.md’ or ‘NEWS.md’ cannot be checked without ‘pandoc’ being installed.
Flavor: r-release-macos-x86_64