CRAN Package Check Results for Package seewave

Last updated on 2022-01-18 22:47:38 CET.

Flavor Version Tinstall Tcheck Ttotal Status Flags
r-devel-linux-x86_64-debian-clang 2.1.8 11.46 153.29 164.75 OK
r-devel-linux-x86_64-debian-gcc 2.1.8 12.88 117.32 130.20 OK
r-devel-linux-x86_64-fedora-clang 2.1.8 209.45 OK
r-devel-linux-x86_64-fedora-gcc 2.1.8 197.97 OK
r-devel-windows-x86_64-new-UL 2.1.8 168.00 211.00 379.00 OK
r-devel-windows-x86_64-new-TK 2.1.8 OK
r-patched-linux-x86_64 2.1.8 18.95 149.37 168.32 OK
r-release-linux-x86_64 2.1.8 OK
r-release-macos-arm64 2.1.8 NOTE
r-release-macos-x86_64 2.1.8 NOTE
r-release-windows-ix86+x86_64 2.1.8 26.00 190.00 216.00 OK
r-oldrel-macos-x86_64 2.1.8 NOTE
r-oldrel-windows-ix86+x86_64 2.1.8 26.00 193.00 219.00 OK

Check Details

Version: 2.1.8
Check: package dependencies
Result: NOTE
    Package suggested but not available for checking: ‘rpanel’
Flavors: r-release-macos-arm64, r-release-macos-x86_64, r-oldrel-macos-x86_64