CRAN Package Check Results for Package selectiveInference

Last updated on 2022-01-25 22:57:09 CET.

Flavor Version Tinstall Tcheck Ttotal Status Flags
r-devel-linux-x86_64-debian-clang 1.2.5 54.61 129.80 184.41 OK
r-devel-linux-x86_64-debian-gcc 1.2.5 42.19 98.65 140.84 OK
r-devel-linux-x86_64-fedora-clang 1.2.5 233.58 OK
r-devel-linux-x86_64-fedora-gcc 1.2.5 207.90 OK
r-devel-windows-x86_64-new-UL 1.2.5 308.00 176.00 484.00 OK
r-devel-windows-x86_64-new-TK 1.2.5 NOTE
r-patched-linux-x86_64 1.2.5 50.37 119.85 170.22 OK
r-release-linux-x86_64 1.2.5 52.58 119.23 171.81 OK
r-release-macos-arm64 1.2.5 OK
r-release-macos-x86_64 1.2.5 OK
r-release-windows-ix86+x86_64 1.2.5 110.00 196.00 306.00 OK
r-oldrel-macos-x86_64 1.2.5 OK
r-oldrel-windows-ix86+x86_64 1.2.5 110.00 198.00 308.00 OK

Check Details

Version: 1.2.5
Check: line endings in C/C++/Fortran sources/headers
Result: NOTE
    Found the following sources/headers with CR or CRLF line endings:
     src/RcppExports.cpp
    Some Unix compilers require LF line endings.
Flavor: r-devel-windows-x86_64-new-TK