CRAN Package Check Results for Package semEff

Last updated on 2022-01-25 22:57:09 CET.

Flavor Version Tinstall Tcheck Ttotal Status Flags
r-devel-linux-x86_64-debian-clang 0.6.0 14.50 160.98 175.48 OK
r-devel-linux-x86_64-debian-gcc 0.6.0 15.95 120.25 136.20 OK
r-devel-linux-x86_64-fedora-clang 0.6.0 212.15 OK
r-devel-linux-x86_64-fedora-gcc 0.6.0 201.44 OK
r-devel-windows-x86_64-new-UL 0.6.0 71.00 189.00 260.00 OK
r-devel-windows-x86_64-new-TK 0.6.0 ERROR
r-patched-linux-x86_64 0.6.0 20.08 152.61 172.69 OK
r-release-linux-x86_64 0.6.0 16.44 151.75 168.19 OK
r-release-macos-arm64 0.6.0 NOTE
r-release-macos-x86_64 0.6.0 OK
r-release-windows-ix86+x86_64 0.6.0 31.00 186.00 217.00 OK
r-oldrel-macos-x86_64 0.6.0 OK
r-oldrel-windows-ix86+x86_64 0.6.0 32.00 187.00 219.00 OK

Check Details

Version: 0.6.0
Check: package dependencies
Result: ERROR
    Package required but not available: 'lme4'
    
    Package suggested but not available for checking: 'piecewiseSEM'
    
    See section 'The DESCRIPTION file' in the 'Writing R Extensions'
    manual.
Flavor: r-devel-windows-x86_64-new-TK

Version: 0.6.0
Check: installed package size
Result: NOTE
     installed size is 5.2Mb
     sub-directories of 1Mb or more:
     data 2.0Mb
     doc 2.9Mb
Flavor: r-release-macos-arm64