CRAN Package Check Results for Package seqhandbook

Last updated on 2024-02-26 23:03:52 CET.

Flavor Version Tinstall Tcheck Ttotal Status Flags
r-devel-linux-x86_64-debian-clang 0.1.1 9.48 80.20 89.68 OK
r-devel-linux-x86_64-debian-gcc 0.1.1 7.50 61.38 68.88 OK
r-devel-linux-x86_64-fedora-clang 0.1.1 110.25 OK
r-devel-linux-x86_64-fedora-gcc 0.1.1 120.39 OK
r-devel-windows-x86_64 0.1.1 8.00 78.00 86.00 OK
r-patched-linux-x86_64 0.1.1 12.50 79.50 92.00 OK
r-release-linux-x86_64 0.1.1 9.33 79.81 89.14 OK
r-release-macos-arm64 0.1.1 42.00 OK
r-release-macos-x86_64 0.1.1 70.00 NOTE
r-release-windows-x86_64 0.1.1 9.00 96.00 105.00 OK
r-oldrel-macos-arm64 0.1.1 41.00 OK
r-oldrel-windows-x86_64 0.1.1 10.00 97.00 107.00 OK

Check Details

Version: 0.1.1
Check: package dependencies
Result: NOTE Packages suggested but not available for checking: 'FactoMineR', 'descriptio' Flavor: r-release-macos-x86_64