CRAN Package Check Results for Package sequenza

Last updated on 2022-05-24 22:50:17 CEST.

Flavor Version Tinstall Tcheck Ttotal Status Flags
r-devel-linux-x86_64-debian-clang 3.0.0 20.93 275.21 296.14 OK
r-devel-linux-x86_64-debian-gcc 3.0.0 16.62 197.17 213.79 OK
r-devel-linux-x86_64-fedora-clang 3.0.0 350.00 OK
r-devel-linux-x86_64-fedora-gcc 3.0.0 328.44 OK
r-devel-windows-x86_64 3.0.0 42.00 274.00 316.00 OK
r-patched-linux-x86_64 3.0.0 22.21 254.87 277.08 OK
r-release-linux-x86_64 3.0.0 OK
r-release-macos-arm64 3.0.0 12.00 ERROR
r-release-macos-x86_64 3.0.0 146.00 OK
r-release-windows-x86_64 3.0.0 39.00 325.00 364.00 OK
r-oldrel-macos-arm64 3.0.0 7.00 ERROR
r-oldrel-macos-x86_64 3.0.0 109.00 OK
r-oldrel-windows-ix86+x86_64 3.0.0 42.00 284.00 326.00 OK

Check Details

Version: 3.0.0
Check: package dependencies
Result: ERROR
    Package required but not available: ‘copynumber’
    
    See section ‘The DESCRIPTION file’ in the ‘Writing R Extensions’
    manual.
Flavors: r-release-macos-arm64, r-oldrel-macos-arm64