CRAN Package Check Results for Package serieslcb

Last updated on 2022-05-17 22:51:38 CEST.

Flavor Version Tinstall Tcheck Ttotal Status Flags
r-devel-linux-x86_64-debian-clang 0.4.0 4.26 50.64 54.90 NOTE
r-devel-linux-x86_64-debian-gcc 0.4.0 3.16 39.73 42.89 NOTE
r-devel-linux-x86_64-fedora-clang 0.4.0 67.28 NOTE
r-devel-linux-x86_64-fedora-gcc 0.4.0 67.02 NOTE
r-devel-windows-x86_64 0.4.0 26.00 71.00 97.00 NOTE
r-patched-linux-x86_64 0.4.0 3.80 50.36 54.16 NOTE
r-release-linux-x86_64 0.4.0 4.04 49.05 53.09 NOTE
r-release-macos-arm64 0.4.0 21.00 NOTE
r-release-macos-x86_64 0.4.0 37.00 NOTE
r-release-windows-x86_64 0.4.0 26.00 73.00 99.00 NOTE
r-oldrel-macos-arm64 0.4.0 28.00 NOTE
r-oldrel-macos-x86_64 0.4.0 34.00 NOTE
r-oldrel-windows-ix86+x86_64 0.4.0 12.00 65.00 77.00 NOTE

Check Details

Version: 0.4.0
Check: LazyData
Result: NOTE
     'LazyData' is specified without a 'data' directory
Flavors: r-devel-linux-x86_64-debian-clang, r-devel-linux-x86_64-debian-gcc, r-devel-linux-x86_64-fedora-clang, r-devel-linux-x86_64-fedora-gcc, r-devel-windows-x86_64, r-patched-linux-x86_64, r-release-linux-x86_64, r-release-macos-arm64, r-release-macos-x86_64, r-release-windows-x86_64, r-oldrel-macos-arm64, r-oldrel-macos-x86_64, r-oldrel-windows-ix86+x86_64