CRAN Package Check Results for Package sgd

Last updated on 2022-01-25 22:57:09 CET.

Flavor Version Tinstall Tcheck Ttotal Status Flags
r-devel-linux-x86_64-debian-clang 1.1.1 49.30 48.20 97.50 OK
r-devel-linux-x86_64-debian-gcc 1.1.1 34.77 37.58 72.35 OK
r-devel-linux-x86_64-fedora-clang 1.1.1 128.59 OK
r-devel-linux-x86_64-fedora-gcc 1.1.1 114.53 OK
r-devel-windows-x86_64-new-UL 1.1.1 63.00 92.00 155.00 OK
r-devel-windows-x86_64-new-TK 1.1.1 OK
r-patched-linux-x86_64 1.1.1 42.96 45.71 88.67 OK
r-release-linux-x86_64 1.1.1 40.95 45.94 86.89 OK
r-release-macos-arm64 1.1.1 NOTE
r-release-macos-x86_64 1.1.1 OK
r-release-windows-ix86+x86_64 1.1.1 107.00 91.00 198.00 OK
r-oldrel-macos-x86_64 1.1.1 OK
r-oldrel-windows-ix86+x86_64 1.1.1 107.00 92.00 199.00 OK

Check Details

Version: 1.1.1
Check: installed package size
Result: NOTE
     installed size is 5.7Mb
     sub-directories of 1Mb or more:
     libs 4.9Mb
Flavor: r-release-macos-arm64