CRAN Package Check Results for Package sgmodel

Last updated on 2022-01-17 22:54:51 CET.

Flavor Version Tinstall Tcheck Ttotal Status Flags
r-devel-linux-x86_64-debian-clang 0.1.1 4.60 63.57 68.17 NOTE
r-devel-linux-x86_64-debian-gcc 0.1.1 3.68 48.61 52.29 NOTE
r-devel-linux-x86_64-fedora-clang 0.1.1 81.17 NOTE
r-devel-linux-x86_64-fedora-gcc 0.1.1 71.66 NOTE
r-devel-windows-x86_64-new-UL 0.1.1 30.00 91.00 121.00 NOTE
r-devel-windows-x86_64-new-TK 0.1.1 NOTE
r-patched-linux-x86_64 0.1.1 4.25 59.80 64.05 NOTE
r-release-linux-x86_64 0.1.1 NOTE
r-release-macos-arm64 0.1.1 NOTE
r-release-macos-x86_64 0.1.1 NOTE
r-release-windows-ix86+x86_64 0.1.1 12.00 80.00 92.00 NOTE
r-oldrel-macos-x86_64 0.1.1 OK
r-oldrel-windows-ix86+x86_64 0.1.1 13.00 81.00 94.00 OK

Check Details

Version: 0.1.1
Check: LazyData
Result: NOTE
     'LazyData' is specified without a 'data' directory
Flavors: r-devel-linux-x86_64-debian-clang, r-devel-linux-x86_64-debian-gcc, r-devel-linux-x86_64-fedora-clang, r-devel-linux-x86_64-fedora-gcc, r-devel-windows-x86_64-new-UL, r-devel-windows-x86_64-new-TK, r-patched-linux-x86_64, r-release-linux-x86_64, r-release-macos-arm64, r-release-macos-x86_64, r-release-windows-ix86+x86_64