Last updated on 2023-03-24 22:55:23 CET.
Flavor | Version | Tinstall | Tcheck | Ttotal | Status | Flags |
---|---|---|---|---|---|---|
r-devel-linux-x86_64-debian-clang | 0.7.1 | 32.53 | 348.87 | 381.40 | NOTE | |
r-devel-linux-x86_64-debian-gcc | 0.7.1 | 24.76 | 261.91 | 286.67 | NOTE | |
r-devel-linux-x86_64-fedora-clang | 0.7.1 | 472.56 | NOTE | |||
r-devel-linux-x86_64-fedora-gcc | 0.7.1 | 459.60 | NOTE | |||
r-patched-linux-x86_64 | 0.7.1 | 26.32 | 329.23 | 355.55 | OK | |
r-release-linux-x86_64 | 0.7.1 | 25.51 | 331.12 | 356.63 | OK | |
r-release-macos-arm64 | 0.7.1 | 90.00 | OK | |||
r-release-macos-x86_64 | 0.7.1 | 130.00 | OK | |||
r-release-windows-x86_64 | 0.7.1 | 54.00 | 335.00 | 389.00 | OK | |
r-oldrel-macos-arm64 | 0.7.1 | 54.00 | OK | |||
r-oldrel-macos-x86_64 | 0.7.1 | 106.00 | OK | |||
r-oldrel-windows-ix86+x86_64 | 0.7.1 | 64.00 | 352.00 | 416.00 | OK |
Version: 0.7.1
Check: package subdirectories
Result: NOTE
Problems with news in ‘NEWS.md’:
Cannot extract version info from the following section titles:
Other ideas
Flavors: r-devel-linux-x86_64-debian-clang, r-devel-linux-x86_64-debian-gcc, r-devel-linux-x86_64-fedora-clang, r-devel-linux-x86_64-fedora-gcc