CRAN Package Check Results for Package shapper

Last updated on 2022-01-28 23:00:51 CET.

Flavor Version Tinstall Tcheck Ttotal Status Flags
r-devel-linux-x86_64-debian-clang 0.1.3 11.86 108.82 120.68 NOTE
r-devel-linux-x86_64-debian-gcc 0.1.3 7.90 80.45 88.35 NOTE
r-devel-linux-x86_64-fedora-clang 0.1.3 151.60 NOTE
r-devel-linux-x86_64-fedora-gcc 0.1.3 136.29 NOTE
r-devel-windows-x86_64-new-UL 0.1.3 26.00 134.00 160.00 NOTE
r-devel-windows-x86_64-new-TK 0.1.3 NOTE
r-patched-linux-x86_64 0.1.3 8.82 96.24 105.06 NOTE
r-release-linux-x86_64 0.1.3 8.07 94.70 102.77 NOTE
r-release-macos-arm64 0.1.3 NOTE
r-release-macos-x86_64 0.1.3 NOTE
r-release-windows-ix86+x86_64 0.1.3 23.00 124.00 147.00 NOTE
r-oldrel-macos-x86_64 0.1.3 OK
r-oldrel-windows-ix86+x86_64 0.1.3 24.00 131.00 155.00 OK

Check Details

Version: 0.1.3
Check: LazyData
Result: NOTE
     'LazyData' is specified without a 'data' directory
Flavors: r-devel-linux-x86_64-debian-clang, r-devel-linux-x86_64-debian-gcc, r-devel-linux-x86_64-fedora-clang, r-devel-linux-x86_64-fedora-gcc, r-devel-windows-x86_64-new-UL, r-devel-windows-x86_64-new-TK, r-patched-linux-x86_64, r-release-linux-x86_64, r-release-macos-arm64, r-release-macos-x86_64, r-release-windows-ix86+x86_64