Last updated on 2022-05-24 22:50:18 CEST.
Flavor | Version | Tinstall | Tcheck | Ttotal | Status | Flags |
---|---|---|---|---|---|---|
r-devel-linux-x86_64-debian-clang | 0.1.0 | 7.85 | 92.59 | 100.44 | OK | |
r-devel-linux-x86_64-debian-gcc | 0.1.0 | 6.54 | 68.54 | 75.08 | OK | |
r-devel-linux-x86_64-fedora-clang | 0.1.0 | 116.85 | NOTE | |||
r-devel-linux-x86_64-fedora-gcc | 0.1.0 | 105.07 | NOTE | |||
r-devel-windows-x86_64 | 0.1.0 | 25.00 | 109.00 | 134.00 | OK | |
r-patched-linux-x86_64 | 0.1.0 | 5.53 | 85.41 | 90.94 | OK | |
r-release-linux-x86_64 | 0.1.0 | OK | ||||
r-release-macos-arm64 | 0.1.0 | 32.00 | NOTE | |||
r-release-macos-x86_64 | 0.1.0 | 55.00 | NOTE | |||
r-release-windows-x86_64 | 0.1.0 | 31.00 | 114.00 | 145.00 | OK | |
r-oldrel-macos-arm64 | 0.1.0 | 40.00 | NOTE | |||
r-oldrel-macos-x86_64 | 0.1.0 | 65.00 | NOTE | |||
r-oldrel-windows-ix86+x86_64 | 0.1.0 | 19.00 | 107.00 | 126.00 | OK |
Version: 0.1.0
Check: dependencies in R code
Result: NOTE
Namespace in Imports field not imported from: ‘utils’
All declared Imports should be used.
Flavors: r-devel-linux-x86_64-fedora-clang, r-devel-linux-x86_64-fedora-gcc, r-release-macos-arm64, r-release-macos-x86_64, r-oldrel-macos-arm64, r-oldrel-macos-x86_64