Last updated on 2023-03-21 22:56:19 CET.
Flavor | Version | Tinstall | Tcheck | Ttotal | Status | Flags |
---|---|---|---|---|---|---|
r-devel-linux-x86_64-debian-clang | 0.4.3 | 9.62 | 69.18 | 78.80 | OK | |
r-devel-linux-x86_64-debian-gcc | 0.4.3 | 6.51 | 54.23 | 60.74 | OK | |
r-devel-linux-x86_64-fedora-clang | 0.4.3 | 95.90 | NOTE | |||
r-devel-linux-x86_64-fedora-gcc | 0.4.3 | 103.02 | OK | |||
r-patched-linux-x86_64 | 0.4.3 | 9.53 | 65.78 | 75.31 | OK | |
r-release-linux-x86_64 | 0.4.3 | 7.57 | 65.90 | 73.47 | OK | |
r-release-macos-arm64 | 0.4.3 | 29.00 | NOTE | |||
r-release-macos-x86_64 | 0.4.3 | 54.00 | NOTE | |||
r-release-windows-x86_64 | 0.4.3 | 313.00 | 132.00 | 445.00 | NOTE | |
r-oldrel-macos-arm64 | 0.4.3 | 31.00 | NOTE | |||
r-oldrel-macos-x86_64 | 0.4.3 | 48.00 | NOTE | |||
r-oldrel-windows-ix86+x86_64 | 0.4.3 | 18.00 | 107.00 | 125.00 | NOTE |
Version: 0.4.3
Check: installed package size
Result: NOTE
installed size is 11.3Mb
sub-directories of 1Mb or more:
help 2.5Mb
www 8.1Mb
Flavors: r-devel-linux-x86_64-fedora-clang, r-release-macos-arm64, r-release-macos-x86_64, r-release-windows-x86_64, r-oldrel-macos-arm64, r-oldrel-macos-x86_64, r-oldrel-windows-ix86+x86_64